 = 23 - n. What is the highest common factor of p and 9?
9
Let h be ((6/2)/(-6))/((-11)/286). Calculate the greatest common divisor of h and 39.
13
Suppose -1515*v + 414 = -1512*v. Calculate the greatest common divisor of v and 759.
69
Let f = 939 - 928. Suppose 4*i - 6*i = -242. Calculate the highest common divisor of f and i.
11
Let k be (-3)/((-11)/5 + 2). Suppose -447 = -6*o - 381. Let b = k + o. What is the highest common factor of b and 130?
26
Let u(n) = -n**2 - 14*n + 178. Let s be u(8). Calculate the highest common factor of s and 40.
2
Suppose -5*z - 180 = -10*z. Let h be (7/3 - -1)*54/z. What is the greatest common factor of 15 and h?
5
Suppose -f = 9*f - 160. Calculate the highest common factor of f and 56.
8
Let o = 36 - 28. Suppose i + 3 = o. Suppose i*h - y = 2*y + 5, -h = 4*y - 1. Calculate the greatest common factor of 11 and h.
1
Let w be -4 + (-45)/(-5) + 211. What is the greatest common divisor of 99 and w?
9
Let h be (-600)/(-88) - 4/(-22) - 1. Let p(d) = d**2 + 4*d + 5. Let s be p(h). Calculate the highest common factor of 13 and s.
13
Let l be 736/72 - 2/9. Let h(d) = d + 7. Let i be h(6). Suppose -a = -27 - i. Calculate the greatest common divisor of l and a.
10
Let b(h) = -h**2 + 5*h + 40. Let m be b(-3). What is the highest common factor of m and 22?
2
Let m(j) = j**2 - 4*j - 5. Let s be m(5). Let k be ((-3)/(-3) + s)/((-7)/(-147)). What is the greatest common divisor of k and 3?
3
Let s(d) = -d**2 + 8*d - 3. Let l be s(3). Let m be 9/l + (-625)/(-20). Let a be 0 + 4*(-2)/(-2). Calculate the highest common factor of m and a.
4
Suppose 1560 = 6*j - 2*j. Suppose -v = -4*v + j. What is the highest common divisor of v and 13?
13
Let p = -276 - -287. Calculate the highest common factor of 143 and p.
11
Suppose -4*t = -2089 - 1331. Suppose 5*p - 4*y - y - t = 0, -2*p - y = -357. Calculate the greatest common factor of p and 22.
22
Suppose 67 = p - 32. Let i = -69 + p. Suppose 4*j - 30 = 4*g - 110, 3*j = 0. What is the highest common factor of g and i?
10
Let d be 8 + -5 + 5 + -1. Suppose -r + 21 = -0*r. What is the greatest common factor of r and d?
7
Let g be (-6)/(-8) - 4521/(-132). Suppose 50 = 4*b - 3*c, -4*c - 6 = -3*b + g. Calculate the highest common divisor of 11 and b.
11
Let n(a) = a**3 + 4*a**2 + 2*a + 2. Let s be n(-3). Suppose s*w = -7*w + 468. Suppose 3*b - 49 = -10. Calculate the greatest common factor of b and w.
13
Let k be (-1)/((-9)/(-21) - 676/1365). Calculate the highest common factor of k and 265.
5
Let y = 40 + -28. Let a = -154 - -287. Suppose 2*q = a + 59. What is the highest common divisor of q and y?
12
Let i = 10 + -3. Let q(w) = 4*w**3 - 8*w**2 - 13*w + 54. Let d be q(2). What is the greatest common divisor of i and d?
7
Suppose -1 = -2*p + 83. Let t be (36/(-84))/((-2)/p). Calculate the highest common factor of t and 3.
3
Let a = 250 + -208. Let r(v) = 2*v**2 + 4*v + 4. Let d be r(-3). Let m = d + -3. What is the highest common divisor of m and a?
7
Let z be 8/20*(1 + 9). Suppose -58 = -x - 2*n, 100 = x - z*n + 36. Let t(h) = -20*h - 108. Let l be t(-6). Calculate the greatest common divisor of l and x.
12
Let d be (-46)/(-230) + 6*(-452)/(-40). What is the highest common divisor of 2108 and d?
68
Let b(s) = -17*s**3 - 87*s**2 + 2*s + 48*s**2 - 1 + 41*s**2. Let o be b(-1). Calculate the highest common divisor of 112 and o.
16
Suppose 0 = 2*u - 4*u + 10. Suppose 0 = 3*p - 4*c - 126, -u*p + 4*c + 284 - 74 = 0. Calculate the highest common divisor of p and 28.
14
Let r(i) = 6*i - 1. Let n be r(1). Suppose -5*q = 3*t - 110, 0 = -4*q - 0*q + 2*t + 110. What is the greatest common factor of n and q?
5
Let l be (4/4)/(3/12). Suppose 0 = 2*k + 2*a, -a = 2*k - l*k. Suppose -5*t + 2*h - 3 = k, -2*t + h = 4*h - 14. Calculate the highest common factor of 7 and t.
1
Let s be (-30)/9*3/(-2). Calculate the highest common divisor of 5 and s.
5
Let t(g) = -55*g - 88. Let o be t(-3). What is the greatest common divisor of o and 693?
77
Let f(y) = 15*y + 15. Let u be f(18). Calculate the highest common factor of u and 57.
57
Let m = 152 - 89. Suppose 0 = -2*p + 5*p + 66. Let f = -15 - p. What is the highest common factor of m and f?
7
Let b = 1684 - 1593. Calculate the highest common factor of b and 63.
7
Let s = 2020 + -2008. Suppose 0 = -3*f - 2*f + 780. What is the greatest common factor of s and f?
12
Let b be ((-3)/9)/((-1)/(-3)). Let t be 23 + 2 - (b + -1). Let v = 866 - 863. What is the greatest common factor of t and v?
3
Suppose 273*x = 292*x - 10830. What is the highest common factor of x and 40?
10
Suppose -3*f = 132 - 156. Suppose -4*o = o - 100. What is the greatest common divisor of o and f?
4
Let b(q) = -182*q - 15. Let c be b(-4). Suppose 0 = 4*j - c + 73. Calculate the greatest common divisor of j and 20.
20
Let p = 59 - -229. Calculate the highest common factor of p and 36.
36
Let b(q) = 13*q**2 - 18. Let z be b(-4). Let i = -617 + 924. Let c = i - z. Calculate the greatest common divisor of 13 and c.
13
Let r(t) = -60*t - 44. Let f be r(-4). Suppose 0 = 5*w + 2*w - f. Let u = 390 - 166. What is the greatest common divisor of u and w?
28
Suppose -44 = -2*s + 4*v, -2*v - 52 + 14 = -2*s. Calculate the highest common factor of 8 and s.
8
Let y(n) = n**2 + n - 2. Let h be y(-3). Let m = -13 - -45. What is the greatest common factor of m and h?
4
Let c be 546/22 - (-4)/22. Suppose -22*m + c*m = 60. Calculate the highest common divisor of m and 30.
10
Let m be (-25)/(-10)*470/25. Calculate the greatest common factor of m and 141.
47
Suppose -350 = -6*d - 4*d. What is the highest common divisor of 21 and d?
7
Suppose 72 = -0*q - 8*q. Let w be (q/4)/(5/(-20)). Let j be 2*(291/6 + 1). What is the highest common factor of j and w?
9
Let t be (-45)/20*264/(-9). Let j be (12 - -1) + t/22. What is the highest common divisor of 24 and j?
8
Let t(k) = 35*k - 31. Let b be t(1). Calculate the highest common divisor of b and 16.
4
Suppose 8*l - 13*l + 75 = 0. Let d = -75 + 135. Calculate the greatest common factor of d and l.
15
Let t be (24/(-1 + 0))/(-1). Let s = 627 + -459. Calculate the greatest common divisor of t and s.
24
Let t(d) = d**3 + 4*d**2 + 19*d - 46. Let g be t(4). What is the greatest common factor of g and 79?
79
Let u(b) = -b**2 - b + 446. Let v be u(19). Calculate the greatest common divisor of 363 and v.
33
Let y be (2 + -3)*72*-3. Let a(k) = -9*k**2 - 42*k + 39. Let i be a(-5). What is the highest common divisor of i and y?
24
Let x be 11/((-9 - -5)/(-60)). What is the highest common factor of 22 and x?
11
Suppose -25*t + 904 = -221. What is the highest common factor of 1125 and t?
45
Let g = 2005 - 1797. What is the highest common factor of g and 299?
13
Suppose 0 = 3*c - 55 + 16. Let h be (-5)/(4 - 9) + 3*c. What is the highest common factor of h and 5?
5
Suppose 0 = 39*f - 53*f + 98. Let c(l) = l**2 - 4. Let a be c(-5). What is the greatest common factor of a and f?
7
Let s(z) = -4*z - 13. Let d be -3 - 22/8 - 3/12. Let o be s(d). Calculate the greatest common divisor of 77 and o.
11
Suppose 0*x = 3*x. Let h be 0 + 5 + x/(-4). Let z(b) = b**3 + 9*b**2 + 17*b + 25. Let w be z(-5). Calculate the greatest common factor of w and h.
5
Suppose 5*v + 333 = 4*l, v + 494 = 4*l + 149. Let d(k) = 11*k - 4. Let a be d(3). What is the highest common factor of l and a?
29
Let d = 242 - 212. Suppose 16 = l - 89. Calculate the greatest common factor of d and l.
15
Let t = -2722 - -4846. What is the highest common divisor of t and 36?
36
Let j(b) = -18*b - 3. Let q be j(-2). Let n = 255 - 222. What is the highest common divisor of n and q?
33
Let a = 608 - -202. What is the greatest common factor of 9 and a?
9
Let b(c) = -4*c**2 + 5*c**3 - 2*c**2 + 3*c - 6*c**3 + 8 + 0*c**3. Let n = 83 - 90. Let u be b(n). What is the highest common divisor of 24 and u?
12
Let d = 2 - -2. Suppose -d*r + 20 + 28 = 0. Let i(u) = 40*u + 2348. Let x be i(-56). Calculate the highest common divisor of r and x.
12
Suppose -16 = -4*i, 3*h = -0*h + 4*i + 11. Let x = 512 - 440. Calculate the greatest common divisor of x and h.
9
Suppose 2*b + b - 459 = -3*o, 0 = -o - 4*b + 150. Let x be (1 - (-6)/(-8)) + (-1870)/(-136). Calculate the greatest common divisor of o and x.
14
Let o = 14 - 15. Let y(l) = 9*l**2 + 3*l + 2. Let q be 